{"id":73,"date":"2024-12-28T06:35:46","date_gmt":"2024-12-28T06:35:46","guid":{"rendered":"https:\/\/dangkyinternetfpt.com.vn\/?post_type=product&#038;p=73"},"modified":"2025-01-02T10:40:31","modified_gmt":"2025-01-02T10:40:31","slug":"combo-meta","status":"publish","type":"product","link":"https:\/\/dangkyinternetfpt.com.vn\/index.php\/san-pham\/combo-meta\/","title":{"rendered":"COMBO META"},"content":{"rendered":"","protected":false},"excerpt":{"rendered":"<p style=\"text-align: left;\">T\u00f4c \u0111\u1ed9: Download\/Upload &#8211; 1 Gbps<\/p>\n<p style=\"text-align: left;\">G\u1ea7n 200 k\u00eanh truy\u1ec1n h\u00ecnh<\/p>\n<p style=\"text-align: left;\">Ph\u00ed h\u00f2a m\u1ea1ng 299K<\/p>\n<p style=\"text-align: left;\">Trang b\u1ecb Modem\u00a0<strong>WiFi 6<\/strong><\/p>\n<p style=\"text-align: left;\"><strong>T\u1eb7ng k\u00e8m Box tivi \u0111i\u1ec1u khi\u1ec3n gi\u1ecdng n\u00f3i<\/strong><\/p>\n<p style=\"text-align: left;\">Xem \u0111\u01b0\u1ee3c Youtube, h\u00e1t Karaoke<\/p>\n<p style=\"text-align: left;\">T\u1eb7ng kho phim, nh\u1ea1c, th\u1ec3 thao \u2026 kh\u1ed5ng l\u1ed3<\/p>\n<p style=\"text-align: left;\"><strong>\u01afu \u0111\u00e3i t\u1eb7ng Voucher 100K<\/strong><\/p>\n<p style=\"text-align: left;\"><img fetchpriority=\"high\" decoding=\"async\" class=\"aligncenter wp-image-69 size-full\" src=\"https:\/\/dangkyinternetfpt.com.vn\/wp-content\/uploads\/2024\/12\/combo-internet-truyen-hinh-fpt.jpg\" alt=\"\" width=\"1181\" height=\"709\" srcset=\"https:\/\/dangkyinternetfpt.com.vn\/wp-content\/uploads\/2024\/12\/combo-internet-truyen-hinh-fpt.jpg 1181w, https:\/\/dangkyinternetfpt.com.vn\/wp-content\/uploads\/2024\/12\/combo-internet-truyen-hinh-fpt-300x180.jpg 300w, https:\/\/dangkyinternetfpt.com.vn\/wp-content\/uploads\/2024\/12\/combo-internet-truyen-hinh-fpt-1024x615.jpg 1024w, https:\/\/dangkyinternetfpt.com.vn\/wp-content\/uploads\/2024\/12\/combo-internet-truyen-hinh-fpt-768x461.jpg 768w, https:\/\/dangkyinternetfpt.com.vn\/wp-content\/uploads\/2024\/12\/combo-internet-truyen-hinh-fpt-600x360.jpg 600w\" sizes=\"(max-width: 1181px) 100vw, 1181px\" \/><\/p>\n<p>FPT \u2013 K\u1ebft n\u1ed1i th\u00f4ng minh, Gi\u1ea3i tr\u00ed tuy\u1ec7t v\u1eddi!<\/p>\n<p>\ud83d\udd25\u00a0FPT Internet &amp; Truy\u1ec1n h\u00ecnh \u2013 S\u1ef1 l\u1ef1a ch\u1ecdn ho\u00e0n h\u1ea3o cho gia \u0111\u00ecnh b\u1ea1n!\u00a0\ud83d\udd25<\/p>\n<p>\ud83c\udf10\u00a0Internet FPT:<\/p>\n<p>T\u1ed1c \u0111\u1ed9 \u1ed5n \u0111\u1ecbnh, v\u01b0\u1ee3t tr\u1ed9i.<\/p>\n<p>D\u1ec5 d\u00e0ng xem phim, ch\u01a1i game, l\u00e0m vi\u1ec7c online m\u1ecdi l\u00fac, m\u1ecdi n\u01a1i.<\/p>\n<p>K\u1ebft n\u1ed1i m\u1ea1nh m\u1ebd, kh\u00f4ng lo gi\u00e1n \u0111o\u1ea1n.<\/p>\n<p>\ud83d\udcfa\u00a0Truy\u1ec1n h\u00ecnh FPT:<\/p>\n<p>H\u01a1n 200 k\u00eanh truy\u1ec1n h\u00ecnh trong n\u01b0\u1edbc v\u00e0 qu\u1ed1c t\u1ebf.<\/p>\n<p>Kho phim HD \u0111a d\u1ea1ng, \u0111\u00e1p \u1ee9ng m\u1ecdi nhu c\u1ea7u gi\u1ea3i tr\u00ed.<\/p>\n<p>Tr\u1ea3i nghi\u1ec7m TV th\u00f4ng minh, \u0111i\u1ec1u khi\u1ec3n qua \u1ee9ng d\u1ee5ng ti\u1ec7n l\u1ee3i.<\/p>\n<p>\ud83d\udca1\u00a0\u01afu \u0111\u00e3i h\u1ea5p d\u1eabn:<\/p>\n<p>T\u1eb7ng g\u00f3i c\u01b0\u1edbc \u01b0u \u0111\u00e3i, mi\u1ec5n ph\u00ed l\u1eafp \u0111\u1eb7t.<\/p>\n<p>Nh\u1eadn ngay qu\u00e0 t\u1eb7ng tr\u1ecb gi\u00e1 l\u00ean \u0111\u1ebfn 1 tri\u1ec7u \u0111\u1ed3ng khi \u0111\u0103ng k\u00fd combo internet v\u00e0 truy\u1ec1n h\u00ecnh FPT.<\/p>\n<p>\ud83d\udcde\u00a0Li\u00ean h\u1ec7 ngay: 0775905979 Mr.L\u1ed9c<\/p>\n<p>FPT \u2013 D\u1eabn \u0111\u1ea7u xu h\u01b0\u1edbng k\u1ebft n\u1ed1i v\u00e0 gi\u1ea3i tr\u00ed!<\/p>\n","protected":false},"featured_media":74,"template":"","meta":[],"product_cat":[25],"product_tag":[],"class_list":{"0":"post-73","1":"product","2":"type-product","3":"status-publish","6":"product_cat-internet-truyen-hinh","8":"first","9":"instock","10":"shipping-taxable","11":"purchasable","12":"product-type-simple"},"_links":{"self":[{"href":"https:\/\/dangkyinternetfpt.com.vn\/index.php\/wp-json\/wp\/v2\/product\/73","targetHints":{"allow":["GET"]}}],"collection":[{"href":"https:\/\/dangkyinternetfpt.com.vn\/index.php\/wp-json\/wp\/v2\/product"}],"about":[{"href":"https:\/\/dangkyinternetfpt.com.vn\/index.php\/wp-json\/wp\/v2\/types\/product"}],"wp:featuredmedia":[{"embeddable":true,"href":"https:\/\/dangkyinternetfpt.com.vn\/index.php\/wp-json\/wp\/v2\/media\/74"}],"wp:attachment":[{"href":"https:\/\/dangkyinternetfpt.com.vn\/index.php\/wp-json\/wp\/v2\/media?parent=73"}],"wp:term":[{"taxonomy":"product_cat","embeddable":true,"href":"https:\/\/dangkyinternetfpt.com.vn\/index.php\/wp-json\/wp\/v2\/product_cat?post=73"},{"taxonomy":"product_tag","embeddable":true,"href":"https:\/\/dangkyinternetfpt.com.vn\/index.php\/wp-json\/wp\/v2\/product_tag?post=73"}],"curies":[{"name":"wp","href":"https:\/\/api.w.org\/{rel}","templated":true}]}}